{"id":9418,"date":"2023-02-23T22:42:48","date_gmt":"2023-02-24T04:42:48","guid":{"rendered":"https:\/\/tecsecmty.com\/index.php\/producto\/dahua-isc-d118c-arco-detector-de-metales-de-18-zonas-pantalla-lcd-3-5-pulgadas-9-sonidos-de-alarma-con-10-niveles-de-volumen-ajustables-luces-indicadoras-de-area-contador-de-paso-y-alarmas-255\/"},"modified":"2023-03-22T23:22:55","modified_gmt":"2023-03-23T05:22:55","slug":"dahua-isc-d118c-arco-detector-de-metales-de-18-zonas-pantalla-lcd-3-5-pulgadas-9-sonidos-de-alarma-con-10-niveles-de-volumen-ajustables-luces-indicadoras-de-area-contador-de-paso-y-alarmas-255","status":"publish","type":"product","link":"https:\/\/tecsecmty.com\/index.php\/producto\/dahua-isc-d118c-arco-detector-de-metales-de-18-zonas-pantalla-lcd-3-5-pulgadas-9-sonidos-de-alarma-con-10-niveles-de-volumen-ajustables-luces-indicadoras-de-area-contador-de-paso-y-alarmas-255\/","title":{"rendered":"DAHUA ISC-D118C &#8211; Arco Detector de Metales de 18 Zonas\/ Pantalla LCD 3.5 Pulgadas\/ 9 Sonidos de Alarma con 10 Niveles de Volumen Ajustables\/ Luces Indicadoras de \u00c1rea\/ Contador de Paso y Alarmas\/ 255 Niveles de Sensibilidad\/ #LoNuevo #NuevaL"},"content":{"rendered":"<div class=\"row aling-items-center padding-bottom-2x\">\n<div class=\"col-lg-12\">\n<h5 class=\"card-title text-center\">Informaci\u00f3n General<\/h5>\n<p>El dispositivo es un detector de metales de paso de alto rendimiento. Es liviano y tiene una alta sensibilidad de detecci\u00f3n de metales, fuertes capacidades antiinterferencias y un rendimiento estable. El dispositivo, fabricado con materiales especiales de alta resistencia, es liviano y f\u00e1cil de transportar e instalar. El dispositivo tiene un dise\u00f1o modular y se fabrica en l\u00edneas de montaje unificadas, lo que garantiza una buena estabilidad. Tambi\u00e9n ofrece una interfaz simple y f\u00e1cil de usar<\/p>\n<p><img decoding=\"async\" class=\"overview-center-img-web\" src=\"https:\/\/tvc.mx\/media\/493312\/arco-detector-de-metales-18-zonas-pantalla-LCD--ISC-D118C--Dahua.png\" alt=\"\" \/><\/div>\n<\/div>\n<div class=\"row align-items-center padding-bottom-2x\">\n<div class=\"col-md-5\"><img decoding=\"async\" class=\"d-block m-auto img-thumbnail\" src=\"https:\/\/tvc.mx\/media\/509424\/image_2022_09_13T15_40_37_312Z.png\" alt=\" \" \/><\/div>\n<div class=\"col-md-7 text-md-left text-center\">\n<h2>Indicaci\u00f3n de zona<\/h2>\n<p class=\"text-muted\">\n<p>Se pueden seleccionar 18 zonas independientes y se pueden ubicar varios elementos met\u00e1licos simult\u00e1neamente.<\/p>\n<p>255 niveles de sensibilidad ajustables en cada zona de detecci\u00f3n (la sensibilidad aumenta por niveles).<\/p>\n<p>&nbsp;<\/p>\n<\/div>\n<\/div>\n<hr class=\"padding-bottom-2x\" \/>\n<div class=\"row align-items-center padding-bottom-2x\">\n<div class=\"col-md-5 order-md-2\"><img decoding=\"async\" class=\"d-block m-auto img-thumbnail\" src=\"https:\/\/tvc.mx\/media\/493316\/sensor-optimizado.png\" alt=\" \" \/><\/div>\n<div class=\"col-md-7 order-md-1 text-md-left text-center\">\n<h2>Sensor<\/h2>\n<p class=\"text-muted\">\n<p>Sensor infrarrojo (IR) con menos alarmas falsas o perdidas; estad\u00edsticas autom\u00e1ticas de alarmas y estad\u00edsticas de paso; Detecci\u00f3n IR y m\u00faltiples modos de detecci\u00f3n.<\/p>\n<p>&nbsp;<\/p>\n<\/div>\n<\/div>\n<hr class=\"padding-bottom-2x\" \/>\n<div class=\"row align-items-center padding-bottom-2x\">\n<div class=\"col-md-5\"><img decoding=\"async\" class=\"d-block m-auto img-thumbnail\" src=\"https:\/\/tvc.mx\/media\/493318\/conteo-de-personas.png\" alt=\" \" \/><\/div>\n<div class=\"col-md-7 text-md-left text-center\">\n<h2>Modo conteo<\/h2>\n<p class=\"text-muted\">\n<p>Conteo unidireccional; conteo de entrada\/salida; buscando de d\u00eda.<\/p>\n<p>&nbsp;<\/p>\n<\/div>\n<\/div>\n<hr class=\"padding-bottom-2x\" \/>\n<div class=\"row align-items-center padding-bottom-2x\">\n<div class=\"col-md-5 order-md-2\"><img decoding=\"async\" class=\"d-block m-auto img-thumbnail\" src=\"https:\/\/tvc.mx\/media\/493320\/arco-detector-de-metales-18-zonas-pantalla-LCD--ISC-D118C--Dahua-caracteristicas.png\" alt=\" \" \/><\/div>\n<div class=\"col-md-7 order-md-1 text-md-left text-center\">\n<h2>Principales Caracter\u00edsticas<\/h2>\n<p class=\"text-muted\">\n<ul>\n<li>LCD de 3,5 pulgadas con una interfaz interactiva y f\u00e1cil de usar<\/li>\n<li>Supervise y muestre la intensidad de la se\u00f1al en tiempo real de la interferencia ambiental<\/li>\n<li>Busca autom\u00e1ticamente la frecuencia de funcionamiento (20 niveles disponibles)<\/li>\n<li>N\u00famero de paso de conteo, n\u00fameros de paso\/devoluci\u00f3n y n\u00famero de alarma<\/li>\n<li>Estad\u00edsticas de paso\/retorno, estad\u00edsticas de alarma y b\u00fasqueda por d\u00eda<\/li>\n<li>Dise\u00f1o modular f\u00e1cil de instalar<\/li>\n<li>Dise\u00f1o seguro de bajo voltaje<\/li>\n<li>9 tonos de alarma con 10 niveles de volumen ajustables, modo de silencio y duraci\u00f3n de la alarma: 0\u201310 s<\/li>\n<li>255 niveles de sensibilidad ajustables<\/li>\n<li>Configuraci\u00f3n de par\u00e1metros separada para 12 escenarios admitidos<\/li>\n<li>M\u00faltiples modos de detecci\u00f3n IR<\/li>\n<li>Admite bater\u00edas de plomo-\u00e1cido (opcional)<\/li>\n<\/ul>\n<\/div>\n<\/div>\n","protected":false},"excerpt":{"rendered":"<p>Informaci\u00f3n General El dispositivo es un detector de metales de paso de alto rendimiento. Es liviano y tiene una alta sensibilidad de detecci\u00f3n de metales, fuertes capacidades antiinterferencias y un rendimiento estable. El dispositivo, fabricado con materiales especiales de alta resistencia, es liviano y f\u00e1cil&hellip;<\/p>\n","protected":false},"featured_media":1308,"comment_status":"open","ping_status":"closed","template":"","meta":{"om_disable_all_campaigns":false,"_monsterinsights_skip_tracking":false,"_monsterinsights_sitenote_active":false,"_monsterinsights_sitenote_note":"","_monsterinsights_sitenote_category":0},"product_brand":[],"product_cat":[849],"product_tag":[81,727,730,66,731,728,729],"class_list":{"0":"post-9418","1":"product","2":"type-product","3":"status-publish","4":"has-post-thumbnail","6":"product_cat-detectores-de-metal-arco-inspeccion-dahua-acceso-asistencia","7":"product_tag-acceso-y-asistencia","8":"product_tag-cerraduras","9":"product_tag-commax-wulian","10":"product_tag-dahua","11":"product_tag-wejoin","12":"product_tag-yli","13":"product_tag-zkteco","15":"first","16":"instock","17":"sale","18":"taxable","19":"shipping-taxable","20":"purchasable","21":"product-type-simple"},"aioseo_notices":[],"_links":{"self":[{"href":"https:\/\/tecsecmty.com\/index.php\/wp-json\/wp\/v2\/product\/9418","targetHints":{"allow":["GET"]}}],"collection":[{"href":"https:\/\/tecsecmty.com\/index.php\/wp-json\/wp\/v2\/product"}],"about":[{"href":"https:\/\/tecsecmty.com\/index.php\/wp-json\/wp\/v2\/types\/product"}],"replies":[{"embeddable":true,"href":"https:\/\/tecsecmty.com\/index.php\/wp-json\/wp\/v2\/comments?post=9418"}],"version-history":[{"count":1,"href":"https:\/\/tecsecmty.com\/index.php\/wp-json\/wp\/v2\/product\/9418\/revisions"}],"predecessor-version":[{"id":9563,"href":"https:\/\/tecsecmty.com\/index.php\/wp-json\/wp\/v2\/product\/9418\/revisions\/9563"}],"wp:featuredmedia":[{"embeddable":true,"href":"https:\/\/tecsecmty.com\/index.php\/wp-json\/wp\/v2\/media\/1308"}],"wp:attachment":[{"href":"https:\/\/tecsecmty.com\/index.php\/wp-json\/wp\/v2\/media?parent=9418"}],"wp:term":[{"taxonomy":"product_brand","embeddable":true,"href":"https:\/\/tecsecmty.com\/index.php\/wp-json\/wp\/v2\/product_brand?post=9418"},{"taxonomy":"product_cat","embeddable":true,"href":"https:\/\/tecsecmty.com\/index.php\/wp-json\/wp\/v2\/product_cat?post=9418"},{"taxonomy":"product_tag","embeddable":true,"href":"https:\/\/tecsecmty.com\/index.php\/wp-json\/wp\/v2\/product_tag?post=9418"}],"curies":[{"name":"wp","href":"https:\/\/api.w.org\/{rel}","templated":true}]}}