{"id":9431,"date":"2023-02-23T22:42:59","date_gmt":"2023-02-24T04:42:59","guid":{"rendered":"https:\/\/tecsecmty.com\/index.php\/producto\/zkteco-d100s-detector-de-metales-portatil-bateria-de-litio-9-vcd-alarma-configurable-audio-luz-vibracion-intensidad-de-75-db\/"},"modified":"2023-03-22T23:25:15","modified_gmt":"2023-03-23T05:25:15","slug":"zkteco-d100s-detector-de-metales-portatil-bateria-de-litio-9-vcd-alarma-configurable-audio-luz-vibracion-intensidad-de-75-db","status":"publish","type":"product","link":"https:\/\/tecsecmty.com\/index.php\/producto\/zkteco-d100s-detector-de-metales-portatil-bateria-de-litio-9-vcd-alarma-configurable-audio-luz-vibracion-intensidad-de-75-db\/","title":{"rendered":"ZKTECO D100S &#8211; Detector de Metales Port\u00e1til \/ Bater\u00eda de Litio 9 VCD \/ Alarma configurable Audio, Luz, Vibraci\u00f3n \/ Intensidad de 75 dB"},"content":{"rendered":"<div class=\"row aling-items-center padding-bottom-2x\">\n<div class=\"col-lg-12\">\n<h5 class=\"card-title text-center\">Descripci\u00f3n<\/h5>\n<p class=\"ql-align-justify\"><strong>ZK-D100S<\/strong>\u00a0es un detector de metales port\u00e1til desarrollado por ZKTeco, siendo una herramienta perfecta en el proceso de seguridad. Cuentan con sonido y alarma de vibraci\u00f3n, as\u00ed el guardia puede identi\ufb01car peligros de forma silenciosa.<\/p>\n<p class=\"ql-align-justify\">Detecci\u00f3n de Seguridad: Prevenci\u00f3n de contrabando, como: cuchillo, pistola entre otros. F\u00e1brica: Previene la p\u00e9rdida de objetos de valor. Educaci\u00f3n: Previene el uso de herramientas en ex\u00e1menes importantes, tales como: tel\u00e9fono, diccionario electr\u00f3nico, entre otros .<\/p>\n<p><strong>DETECTOR DE METALES PORT\u00c1TIL<\/strong><\/p>\n<ul>\n<li>Puede ser recargado, se recarga de 4-6 horas. (bater\u00eda de 9V, el cargador y la bater\u00eda recargable no vienen incluidos).<\/li>\n<li>El tipo de alarma es sonido y luz simult\u00e1nea o vibraci\u00f3n y luz simult\u00e1neos.<\/li>\n<li>Se puede con\ufb01gurar la manera en que la alarma es emitida.<\/li>\n<li>Con\ufb01guraci\u00f3n del nivel de volumen de detecci\u00f3n, el detector de metales activar\u00e1 la alarma cuando detecte un objeto de metal m\u00e1s grande al con\ufb01gurado.<\/li>\n<li>Sonido y vibraci\u00f3n.<\/li>\n<li>Ahorro de bater\u00eda, hibernando despu\u00e9s de un minuto sin uso (opcional).<\/li>\n<\/ul>\n<p><img decoding=\"async\" class=\"overview-center-img-web\" src=\"https:\/\/tvc.mx\/media\/402515\/Detector-de-metales-port%C3%A1til-con-bater%C3%ADa-recargable-D100S-ZKTeco-TVC-O1.png\" alt=\"\" \/><\/div>\n<\/div>\n<div class=\"row align-items-center padding-bottom-2x\">\n<div class=\"col-md-5\"><img decoding=\"async\" class=\"d-block m-auto img-thumbnail\" src=\"https:\/\/tvc.mx\/media\/402395\/Detector-de-metales-port%C3%A1til-con-bater%C3%ADa-recargable-D100S-ZKTeco-TVC-O2.png\" alt=\" \" \/><\/div>\n<div class=\"col-md-7 text-md-left text-center\">\n<h2>Especificaciones t\u00e9cnicas<\/h2>\n<p class=\"text-muted\">\n<ul>\n<li>Dimensiones: 410 x 85 x 45 mm.<\/li>\n<li>Voltaje de operaci\u00f3n: 7V &#8211; 9V CD.<\/li>\n<li>Intensidad el\u00e9ctrica: 50ma.<\/li>\n<li>Alarma: Sonido, vibraci\u00f3n y luz.<\/li>\n<li>Intensidad de alarma: &gt; 75db.<\/li>\n<li>Frecuencia de operaci\u00f3n: 40khz.<\/li>\n<\/ul>\n<p>&nbsp;<\/p>\n<\/div>\n<\/div>\n<hr class=\"padding-bottom-2x\" \/>\n<div class=\"row align-items-center padding-bottom-2x\">\n<div class=\"col-md-5\"><img decoding=\"async\" class=\"d-block m-auto img-thumbnail\" src=\"https:\/\/tvc.mx\/media\/402499\/Detector-de-metales-port%C3%A1til-con-bater%C3%ADa-recargable-D100S-ZKTeco-TVC-o3.png\" alt=\" \" \/><\/div>\n<div class=\"col-md-7 text-md-left text-center\">\n<h2>Incluye<\/h2>\n<p class=\"text-muted\">\n<ul>\n<li>Detector de metales port\u00e1til.<\/li>\n<\/ul>\n<\/div>\n<\/div>\n","protected":false},"excerpt":{"rendered":"<p>Descripci\u00f3n ZK-D100S\u00a0es un detector de metales port\u00e1til desarrollado por ZKTeco, siendo una herramienta perfecta en el proceso de seguridad. Cuentan con sonido y alarma de vibraci\u00f3n, as\u00ed el guardia puede identi\ufb01car peligros de forma silenciosa. Detecci\u00f3n de Seguridad: Prevenci\u00f3n de contrabando, como: cuchillo, pistola entre&hellip;<\/p>\n","protected":false},"featured_media":9430,"comment_status":"open","ping_status":"closed","template":"","meta":{"om_disable_all_campaigns":false,"_monsterinsights_skip_tracking":false,"_monsterinsights_sitenote_active":false,"_monsterinsights_sitenote_note":"","_monsterinsights_sitenote_category":0},"product_brand":[],"product_cat":[852],"product_tag":[81,727,730,66,731,728,729],"class_list":{"0":"post-9431","1":"product","2":"type-product","3":"status-publish","4":"has-post-thumbnail","6":"product_cat-detectores-de-metal-portatil","7":"product_tag-acceso-y-asistencia","8":"product_tag-cerraduras","9":"product_tag-commax-wulian","10":"product_tag-dahua","11":"product_tag-wejoin","12":"product_tag-yli","13":"product_tag-zkteco","15":"first","16":"instock","17":"sale","18":"taxable","19":"shipping-taxable","20":"purchasable","21":"product-type-simple"},"aioseo_notices":[],"_links":{"self":[{"href":"https:\/\/tecsecmty.com\/index.php\/wp-json\/wp\/v2\/product\/9431","targetHints":{"allow":["GET"]}}],"collection":[{"href":"https:\/\/tecsecmty.com\/index.php\/wp-json\/wp\/v2\/product"}],"about":[{"href":"https:\/\/tecsecmty.com\/index.php\/wp-json\/wp\/v2\/types\/product"}],"replies":[{"embeddable":true,"href":"https:\/\/tecsecmty.com\/index.php\/wp-json\/wp\/v2\/comments?post=9431"}],"version-history":[{"count":1,"href":"https:\/\/tecsecmty.com\/index.php\/wp-json\/wp\/v2\/product\/9431\/revisions"}],"predecessor-version":[{"id":9549,"href":"https:\/\/tecsecmty.com\/index.php\/wp-json\/wp\/v2\/product\/9431\/revisions\/9549"}],"wp:featuredmedia":[{"embeddable":true,"href":"https:\/\/tecsecmty.com\/index.php\/wp-json\/wp\/v2\/media\/9430"}],"wp:attachment":[{"href":"https:\/\/tecsecmty.com\/index.php\/wp-json\/wp\/v2\/media?parent=9431"}],"wp:term":[{"taxonomy":"product_brand","embeddable":true,"href":"https:\/\/tecsecmty.com\/index.php\/wp-json\/wp\/v2\/product_brand?post=9431"},{"taxonomy":"product_cat","embeddable":true,"href":"https:\/\/tecsecmty.com\/index.php\/wp-json\/wp\/v2\/product_cat?post=9431"},{"taxonomy":"product_tag","embeddable":true,"href":"https:\/\/tecsecmty.com\/index.php\/wp-json\/wp\/v2\/product_tag?post=9431"}],"curies":[{"name":"wp","href":"https:\/\/api.w.org\/{rel}","templated":true}]}}